{"id":2,"date":"2017-10-03T17:36:43","date_gmt":"2017-10-03T17:36:43","guid":{"rendered":"http:\/\/www.raulescrivapeyro.com\/?page_id=2"},"modified":"2018-01-26T15:56:53","modified_gmt":"2018-01-26T15:56:53","slug":"contacto","status":"publish","type":"page","link":"https:\/\/www.raulescrivapeyro.com\/index.php\/contacto\/","title":{"rendered":"Contacto"},"content":{"rendered":"<p><a href=\"mailto:estudio@raulescrivapeyro.com\">estudio@raulescrivapeyro.com<\/a><\/p>\n<p><a href=\"https:\/\/www.instagram.com\/raulescrivapeyro5677\/\" target=\"blanck\">Instagram<\/a><br \/>\n<a href=\"https:\/\/www.facebook.com\/investigarformas\/\" target=\"blanck\">Facebook<\/a><\/p>\n<p>C\/ Santa Vicenta Mar\u00eda 2 bajo<br \/>\n31012 Pamplona.<br \/>\nNavarra-Espa\u00f1a<br \/>\nTel-fax +34 948125903<\/p>\n","protected":false},"excerpt":{"rendered":"<p>estudio@raulescrivapeyro.com Instagram Facebook C\/ Santa Vicenta Mar\u00eda 2 bajo 31012 Pamplona. Navarra-Espa\u00f1a Tel-fax +34 948125903<\/p>\n","protected":false},"author":1,"featured_media":0,"parent":0,"menu_order":0,"comment_status":"closed","ping_status":"open","template":"","meta":[],"yoast_head":"<!-- This site is optimized with the Yoast SEO plugin v18.9 - https:\/\/yoast.com\/wordpress\/plugins\/seo\/ -->\n<title>Contacto - Ra\u00fal Escriv\u00e1 Peyr\u00f3<\/title>\n<meta name=\"robots\" content=\"index, follow, max-snippet:-1, max-image-preview:large, max-video-preview:-1\" \/>\n<link rel=\"canonical\" href=\"https:\/\/www.raulescrivapeyro.com\/index.php\/contacto\/\" \/>\n<meta property=\"og:locale\" content=\"es_ES\" \/>\n<meta property=\"og:type\" content=\"article\" \/>\n<meta property=\"og:title\" content=\"Contacto - Ra\u00fal Escriv\u00e1 Peyr\u00f3\" \/>\n<meta property=\"og:description\" content=\"estudio@raulescrivapeyro.com Instagram Facebook C\/ Santa Vicenta Mar\u00eda 2 bajo 31012 Pamplona. Navarra-Espa\u00f1a Tel-fax +34 948125903\" \/>\n<meta property=\"og:url\" content=\"https:\/\/www.raulescrivapeyro.com\/index.php\/contacto\/\" \/>\n<meta property=\"og:site_name\" content=\"Ra\u00fal Escriv\u00e1 Peyr\u00f3\" \/>\n<meta property=\"article:modified_time\" content=\"2018-01-26T15:56:53+00:00\" \/>\n<meta name=\"twitter:card\" content=\"summary_large_image\" \/>\n<script type=\"application\/ld+json\" class=\"yoast-schema-graph\">{\"@context\":\"https:\/\/schema.org\",\"@graph\":[{\"@type\":\"WebSite\",\"@id\":\"https:\/\/www.raulescrivapeyro.com\/#website\",\"url\":\"https:\/\/www.raulescrivapeyro.com\/\",\"name\":\"Ra\u00fal Escriv\u00e1 Peyr\u00f3\",\"description\":\"Dise\u00f1o en Ingenier\u00eda\",\"potentialAction\":[{\"@type\":\"SearchAction\",\"target\":{\"@type\":\"EntryPoint\",\"urlTemplate\":\"https:\/\/www.raulescrivapeyro.com\/?s={search_term_string}\"},\"query-input\":\"required name=search_term_string\"}],\"inLanguage\":\"es\"},{\"@type\":\"WebPage\",\"@id\":\"https:\/\/www.raulescrivapeyro.com\/index.php\/contacto\/#webpage\",\"url\":\"https:\/\/www.raulescrivapeyro.com\/index.php\/contacto\/\",\"name\":\"Contacto - Ra\u00fal Escriv\u00e1 Peyr\u00f3\",\"isPartOf\":{\"@id\":\"https:\/\/www.raulescrivapeyro.com\/#website\"},\"datePublished\":\"2017-10-03T17:36:43+00:00\",\"dateModified\":\"2018-01-26T15:56:53+00:00\",\"breadcrumb\":{\"@id\":\"https:\/\/www.raulescrivapeyro.com\/index.php\/contacto\/#breadcrumb\"},\"inLanguage\":\"es\",\"potentialAction\":[{\"@type\":\"ReadAction\",\"target\":[\"https:\/\/www.raulescrivapeyro.com\/index.php\/contacto\/\"]}]},{\"@type\":\"BreadcrumbList\",\"@id\":\"https:\/\/www.raulescrivapeyro.com\/index.php\/contacto\/#breadcrumb\",\"itemListElement\":[{\"@type\":\"ListItem\",\"position\":1,\"name\":\"Portada\",\"item\":\"https:\/\/www.raulescrivapeyro.com\/\"},{\"@type\":\"ListItem\",\"position\":2,\"name\":\"Contacto\"}]}]}<\/script>\n<!-- \/ Yoast SEO plugin. -->","yoast_head_json":{"title":"Contacto - Ra\u00fal Escriv\u00e1 Peyr\u00f3","robots":{"index":"index","follow":"follow","max-snippet":"max-snippet:-1","max-image-preview":"max-image-preview:large","max-video-preview":"max-video-preview:-1"},"canonical":"https:\/\/www.raulescrivapeyro.com\/index.php\/contacto\/","og_locale":"es_ES","og_type":"article","og_title":"Contacto - Ra\u00fal Escriv\u00e1 Peyr\u00f3","og_description":"estudio@raulescrivapeyro.com Instagram Facebook C\/ Santa Vicenta Mar\u00eda 2 bajo 31012 Pamplona. Navarra-Espa\u00f1a Tel-fax +34 948125903","og_url":"https:\/\/www.raulescrivapeyro.com\/index.php\/contacto\/","og_site_name":"Ra\u00fal Escriv\u00e1 Peyr\u00f3","article_modified_time":"2018-01-26T15:56:53+00:00","twitter_card":"summary_large_image","schema":{"@context":"https:\/\/schema.org","@graph":[{"@type":"WebSite","@id":"https:\/\/www.raulescrivapeyro.com\/#website","url":"https:\/\/www.raulescrivapeyro.com\/","name":"Ra\u00fal Escriv\u00e1 Peyr\u00f3","description":"Dise\u00f1o en Ingenier\u00eda","potentialAction":[{"@type":"SearchAction","target":{"@type":"EntryPoint","urlTemplate":"https:\/\/www.raulescrivapeyro.com\/?s={search_term_string}"},"query-input":"required name=search_term_string"}],"inLanguage":"es"},{"@type":"WebPage","@id":"https:\/\/www.raulescrivapeyro.com\/index.php\/contacto\/#webpage","url":"https:\/\/www.raulescrivapeyro.com\/index.php\/contacto\/","name":"Contacto - Ra\u00fal Escriv\u00e1 Peyr\u00f3","isPartOf":{"@id":"https:\/\/www.raulescrivapeyro.com\/#website"},"datePublished":"2017-10-03T17:36:43+00:00","dateModified":"2018-01-26T15:56:53+00:00","breadcrumb":{"@id":"https:\/\/www.raulescrivapeyro.com\/index.php\/contacto\/#breadcrumb"},"inLanguage":"es","potentialAction":[{"@type":"ReadAction","target":["https:\/\/www.raulescrivapeyro.com\/index.php\/contacto\/"]}]},{"@type":"BreadcrumbList","@id":"https:\/\/www.raulescrivapeyro.com\/index.php\/contacto\/#breadcrumb","itemListElement":[{"@type":"ListItem","position":1,"name":"Portada","item":"https:\/\/www.raulescrivapeyro.com\/"},{"@type":"ListItem","position":2,"name":"Contacto"}]}]}},"_links":{"self":[{"href":"https:\/\/www.raulescrivapeyro.com\/index.php\/wp-json\/wp\/v2\/pages\/2"}],"collection":[{"href":"https:\/\/www.raulescrivapeyro.com\/index.php\/wp-json\/wp\/v2\/pages"}],"about":[{"href":"https:\/\/www.raulescrivapeyro.com\/index.php\/wp-json\/wp\/v2\/types\/page"}],"author":[{"embeddable":true,"href":"https:\/\/www.raulescrivapeyro.com\/index.php\/wp-json\/wp\/v2\/users\/1"}],"replies":[{"embeddable":true,"href":"https:\/\/www.raulescrivapeyro.com\/index.php\/wp-json\/wp\/v2\/comments?post=2"}],"version-history":[{"count":5,"href":"https:\/\/www.raulescrivapeyro.com\/index.php\/wp-json\/wp\/v2\/pages\/2\/revisions"}],"predecessor-version":[{"id":237,"href":"https:\/\/www.raulescrivapeyro.com\/index.php\/wp-json\/wp\/v2\/pages\/2\/revisions\/237"}],"wp:attachment":[{"href":"https:\/\/www.raulescrivapeyro.com\/index.php\/wp-json\/wp\/v2\/media?parent=2"}],"curies":[{"name":"wp","href":"https:\/\/api.w.org\/{rel}","templated":true}]}}